{"id":17,"date":"2014-07-07T05:45:02","date_gmt":"2014-07-07T05:45:02","guid":{"rendered":"http:\/\/www.coding-is-fun.com\/?page_id=17"},"modified":"2014-09-13T09:11:33","modified_gmt":"2014-09-13T09:11:33","slug":"cestina","status":"publish","type":"page","link":"https:\/\/www.coding-is-fun.com\/?page_id=17","title":{"rendered":"\u010de\u0161tina"},"content":{"rendered":"<p><strong><a href=\"http:\/\/www.coding-is-fun.com\/?page_id=21\">Jak uspo\u0159\u00e1dat vlastn\u00ed akci?<\/a><\/strong><\/p>\n<p><a title=\"Evropsk\u00fd T\u00fdden K\u00f3dov\u00e1n\u00ed\" href=\"https:\/\/docs.google.com\/presentation\/d\/1ikptEYCdVG5jHefbCNCMXJNXcI99pIJx3x6h118sIZI\/edit?usp=sharing\" target=\"_blank\">\u00a0<b>Evropsk\u00fd T\u00fdden K\u00f3dov\u00e1n\u00ed (<\/b>Code Week Presentation)<\/a><\/p>\n<p><strong>Tiskov\u00e9 zpr\u00e1vy<\/strong><\/p>\n<p><a href=\"http:\/\/www.coding-is-fun.com\/?page_id=23\" target=\"_blank\">Prvn\u00ed Tiskov\u00e1 zpr\u00e1va<\/a><\/p>\n<p><a href=\"http:\/\/europa.eu\/rapid\/press-release_IP-14-882_cs.htm\" target=\"_blank\">Letn\u00ed Tiskov\u00e1 zpr\u00e1va<\/a><\/p>\n<p>&nbsp;<\/p>\n<p><strong>\u010desk\u00e9 jazykov\u00e9 prost\u0159edky, jak se u\u010dit programov\u00e1n\u00ed<\/strong><\/p>\n<p><a title=\"Scratch - cestina\" href=\"http:\/\/scratched.media.mit.edu\/resources\/education-basic-programming-scratch-environment\u00a0\" target=\"_blank\">Obsahuje dvan\u00e1ct\u00a0t\u00e9mat\u00a0na\u00a0v\u00fduku\u00a0program<wbr \/>ov\u00e1n\u00ed\u00a0ve\u00a0Scratchi.\u00a0Pro studentyjsou p\u0159ipraven\u00e9\u00a0\u017e\u00e1kovsk\u00e9\u00a0listy.\u00a0Pro<wbr \/>\u00a0u\u010ditele\u00a0jsou p\u0159ipraveny\u00a0metodick\u00e9\u00a0listy.<\/a><\/p>\n<div><a title=\"Python - cestina\" href=\"http:\/\/howto.py.cz\/index.htm\" target=\"_blank\">U\u010d\u00edme se programovat v jazyce Python 3<\/a><\/div>\n<p>&nbsp;<\/p>\n","protected":false},"excerpt":{"rendered":"<p>Jak uspo\u0159\u00e1dat vlastn\u00ed akci? \u00a0Evropsk\u00fd T\u00fdden K\u00f3dov\u00e1n\u00ed (Code Week Presentation) Tiskov\u00e9 zpr\u00e1vy Prvn\u00ed Tiskov\u00e1 zpr\u00e1va Letn\u00ed Tiskov\u00e1 zpr\u00e1va &nbsp; \u010desk\u00e9 jazykov\u00e9 prost\u0159edky, jak se u\u010dit programov\u00e1n\u00ed Obsahuje dvan\u00e1ct\u00a0t\u00e9mat\u00a0na\u00a0v\u00fduku\u00a0programov\u00e1n\u00ed\u00a0ve\u00a0Scratchi.\u00a0Pro studentyjsou p\u0159ipraven\u00e9\u00a0\u017e\u00e1kovsk\u00e9\u00a0listy.\u00a0Pro\u00a0u\u010ditele\u00a0jsou p\u0159ipraveny\u00a0metodick\u00e9\u00a0listy. U\u010d\u00edme se programovat v jazyce Python 3 &nbsp;<\/p>\n","protected":false},"author":1,"featured_media":0,"parent":0,"menu_order":0,"comment_status":"open","ping_status":"open","template":"","meta":{"footnotes":""},"class_list":["post-17","page","type-page","status-publish","hentry"],"_links":{"self":[{"href":"https:\/\/www.coding-is-fun.com\/index.php?rest_route=\/wp\/v2\/pages\/17","targetHints":{"allow":["GET"]}}],"collection":[{"href":"https:\/\/www.coding-is-fun.com\/index.php?rest_route=\/wp\/v2\/pages"}],"about":[{"href":"https:\/\/www.coding-is-fun.com\/index.php?rest_route=\/wp\/v2\/types\/page"}],"author":[{"embeddable":true,"href":"https:\/\/www.coding-is-fun.com\/index.php?rest_route=\/wp\/v2\/users\/1"}],"replies":[{"embeddable":true,"href":"https:\/\/www.coding-is-fun.com\/index.php?rest_route=%2Fwp%2Fv2%2Fcomments&post=17"}],"version-history":[{"count":5,"href":"https:\/\/www.coding-is-fun.com\/index.php?rest_route=\/wp\/v2\/pages\/17\/revisions"}],"predecessor-version":[{"id":47,"href":"https:\/\/www.coding-is-fun.com\/index.php?rest_route=\/wp\/v2\/pages\/17\/revisions\/47"}],"wp:attachment":[{"href":"https:\/\/www.coding-is-fun.com\/index.php?rest_route=%2Fwp%2Fv2%2Fmedia&parent=17"}],"curies":[{"name":"wp","href":"https:\/\/api.w.org\/{rel}","templated":true}]}}